
103
Calculate the greatest common divisor of 18 and 18.
18
Calculate the greatest common factor of 10112 and 896.
128
Calculate the greatest common factor of 64 and 1456.
16
Calculate the greatest common divisor of 75 and 60.
15
Calculate the highest common divisor of 297 and 54.
27
Calculate the highest common divisor of 408 and 952.
136
Calculate the highest common factor of 532 and 84.
28
Calculate the greatest common divisor of 22 and 407.
11
Calculate the greatest common factor of 96 and 312.
24
What is the greatest common factor of 22 and 407?
11
Calculate the highest common factor of 144 and 8082.
18
What is the highest common divisor of 60 and 672?
12
Calculate the highest common factor of 369 and 861.
123
Calculate the highest common divisor of 115 and 805.
115
What is the highest common factor of 9 and 29?
1
Calculate the greatest common factor of 927 and 412.
103
What is the greatest common factor of 8756 and 352?
44
Calculate the greatest common factor of 26 and 806.
26
Calculate the highest common divisor of 6 and 1282.
2
What is the greatest common factor of 9448 and 16?
8
What is the greatest common divisor of 1885 and 65?
65
Calculate the highest common divisor of 36 and 186.
6
What is the highest common factor of 6411 and 3?
3
What is the highest common factor of 4868 and 4?
4
Calculate the greatest common factor of 5138 and 14.
14
What is the highest common factor of 2 and 93?
1
What is the greatest common factor of 30 and 105?
15
Calculate the greatest common factor of 289 and 68.
17
What is the highest common factor of 70 and 266?
14
What is the greatest common factor of 28 and 1532?
4
What is the highest common divisor of 207 and 13455?
207
Calculate the greatest common divisor of 31 and 1643.
31
Calculate the greatest common divisor of 3 and 1381.
1
Calculate the highest common divisor of 82 and 779.
41
Calculate the highest common factor of 5966 and 4.
2
Calculate the greatest common divisor of 48 and 72.
24
What is the highest common factor of 108 and 12?
12
Calculate the greatest common divisor of 1825 and 20805.
365
Calculate the greatest common factor of 2871 and 77.
11
What is the greatest common factor of 16 and 40?
8
What is the greatest common factor of 438 and 30?
6
What is the highest common factor of 445 and 2492?
89
What is the highest common divisor of 19 and 418?
19
Calculate the greatest common factor of 10 and 188.
2
What is the highest common divisor of 324 and 12?
12
Calculate the greatest common divisor of 8245 and 255.
85
Calculate the highest common factor of 288 and 136.
8
Calculate the greatest common divisor of 3384 and 72.
72
Calculate the greatest common divisor of 7788 and 396.
132
What is the highest common factor of 11 and 121?
11
What is the highest common divisor of 275 and 880?
55
What is the highest common divisor of 29 and 1421?
29
What is the highest common divisor of 70 and 4810?
10
What is the highest common factor of 343 and 7?
7
What is the greatest common factor of 46 and 1058?
46
Calculate the greatest common divisor of 1 and 37.
1
What is the greatest common factor of 20 and 2550?
10
What is the highest common divisor of 345 and 630?
15
Calculate the highest common divisor of 689 and 169.
13
Calculate the highest common divisor of 35 and 1890.
35
What is the highest common factor of 190 and 10?
10
Calculate the highest common divisor of 33 and 341.
11
Calculate the highest common divisor of 108 and 48.
12
Calculate the greatest common divisor of 255 and 595.
85
Calculate the greatest common factor of 8 and 185.
1
Calculate the highest common divisor of 77 and 407.
11
What is the greatest common factor of 245 and 385?
35
Calculate the highest common divisor of 45 and 105.
15
What is the highest common factor of 11 and 9317?
11
Calculate the greatest common factor of 1612 and 2108.
124
What is the highest common factor of 22 and 297?
11
Calculate the highest common factor of 33 and 231.
33
What is the highest common divisor of 22 and 55?
11
What is the greatest common factor of 7 and 20174?
7
What is the highest common factor of 3 and 33?
3
What is the greatest common factor of 1 and 251?
1
What is the greatest common factor of 6 and 114?
6
What is the highest common factor of 101 and 404?
101
What is the greatest common divisor of 1550 and 248?
62
Calculate the highest common factor of 6 and 114.
6
What is the greatest common divisor of 450 and 4?
2
Calculate the highest common divisor of 46 and 69.
23
What is the highest common factor of 386 and 4825?
193
What is the greatest common divisor of 12930 and 30?
30
What is the highest common divisor of 70 and 35?
35
What is the highest common divisor of 1674 and 248?
62
What is the greatest common factor of 23292 and 9?
9
Calculate the highest common divisor of 47190 and 26.
26
What is the greatest common divisor of 48 and 6?
6
Calculate the greatest common factor of 56 and 1162.
14
What is the highest common divisor of 6 and 138?
6
What is the greatest common factor of 90 and 30?
30
Calculate the greatest common factor of 427 and 14.
7
Calculate the greatest common factor of 48 and 16176.
48
What is the greatest common divisor of 17641 and 46?
23
What is the greatest common factor of 160 and 256?
32
Calculate the greatest common divisor of 15158 and 858.
286
Calculate the greatest common factor of 650 and 200.
50
What is the highest common divisor of 35 and 217?
7
Calculate the greatest common divisor of 756 and 621.
27
What is the greatest common divisor of 55 and 99?
11
What is the highest common divisor of 244 and 2074?
122
Calculate the greatest common divisor of 5 and 11.
1
Calculate the greatest common factor of 53 and 3392.
53
What is the highest common factor of 177 and 1003?
59
Calculate the greatest common divisor of 32 and 1376.
32
What is the highest common divisor of 114 and 95?
19
Calculate the highest common factor of 3335 and 2875.
115
Calculate the highest common divisor of 11 and 451.
11
What is the highest common factor of 460 and 20?
20
What is the highest common divisor of 2178 and 288?
18
What is the greatest common divisor of 384 and 6?
6
What is the greatest common factor of 1080 and 144?
72
What is the greatest common factor of 43406 and 22?
22
Calculate the highest common divisor of 85 and 1428.
17
What is the highest common factor of 299 and 26?
13
Calculate the highest common divisor of 60 and 1020.
60
What is the greatest common factor of 494 and 1118?
26
What is the highest common factor of 210 and 56?
14
What is the greatest common factor of 18 and 882?
18
Calculate the highest common factor of 66 and 748.
22
Calculate the greatest common divisor of 3975 and 75.
75
What is the greatest common divisor of 1014 and 663?
39
Calculate the greatest common factor of 552 and 336.
24
What is the greatest common divisor of 48526 and 38?
38
Calculate the greatest common factor of 3127 and 106.
53
What is the highest common divisor of 616 and 8?
8
Calculate the greatest common divisor of 4354 and 56.
14
Calculate the highest common factor of 181 and 18281.
181
Calculate the greatest common factor of 230 and 23.
23
Calculate the highest common divisor of 803 and 33.
11
Calculate the highest common divisor of 140 and 920.
20
Calculate the highest common factor of 72 and 48.
24
Calculate the highest common divisor of 16 and 48.
16
What is the greatest common factor of 4 and 14?
2
Calculate the greatest common factor of 258 and 13803.
129
What is the highest common factor of 170 and 1156?
34
Calculate the greatest common divisor of 140 and 160.
20
What is the highest common divisor of 16 and 968?
8
Calculate the greatest common factor of 49 and 77.
7
Calculate the greatest common divisor of 1035 and 3015.
45
What is the highest common factor of 3420 and 20?
20
Calculate the highest common factor of 105 and 230.
5
What is the greatest common factor of 6 and 6711?
3
Calculate the highest common divisor of 1334 and 23.
23
What is the greatest common divisor of 1196 and 52?
52
Calculate the highest common factor of 1631 and 7.
7
Calculate the greatest common factor of 46 and 1357.
23
What is the greatest common factor of 54 and 702?
54
Calculate the greatest common divisor of 515 and 25.
5
Calculate the highest commo